e 7.
140526
17 (base 9) to base 14
12
Convert -10000000000001 (base 2) to base 13.
-3963
1442 (base 6) to base 9
468
What is -63a (base 11) in base 4?
-30001
Convert -113 (base 10) to base 14.
-81
Convert 11105 (base 7) to base 4.
223232
What is -9 (base 10) in base 8?
-11
-110 (base 15) to base 6
-1040
What is 113 (base 15) in base 10?
243
Convert -dd1 (base 16) to base 3.
-11212000
What is -3075 (base 8) in base 13?
-95b
-111000220 (base 3) to base 5
-301001
Convert 3027 (base 12) to base 8.
12137
170 (base 12) to base 9
273
Convert a49 (base 12) to base 6.
10533
Convert 2352 (base 12) to base 6.
30142
What is 2210233 (base 4) in base 13?
4a50
-95d (base 14) to base 4
-130313
What is 266350 (base 7) in base 8?
142124
What is 7ac (base 16) in base 7?
5504
22200 (base 4) to base 9
826
What is -10b9 (base 16) in base 14?
-17bb
202 (base 14) to base 10
394
Convert b529 (base 15) to base 6.
453133
What is 110112 (base 3) in base 16?
152
1253b (base 12) to base 3
1021020102
What is 2831 (base 11) in base 14?
149a
What is 53b (base 13) in base 2?
1101111111
Convert -139b (base 13) to base 5.
-42312
What is 101000101011 (base 2) in base 12?
160b
Convert -244351 (base 6) to base 3.
-1002211011
Convert 3268 (base 9) to base 7.
10013
-3708 (base 10) to base 3
-12002100
What is 20f (base 16) in base 11?
43a
Convert -1313 (base 12) to base 9.
-2876
Convert -110 (base 16) to base 6.
-1132
Convert -954a (base 12) to base 10.
-16330
-6929 (base 10) to base 2
-1101100010001
What is 321 (base 15) in base 13?
424
1a97 (base 11) to base 2
101001010111
What is -293b (base 12) in base 3?
-20120202
111322 (base 5) to base 6
30202
What is 124231 (base 5) in base 13?
2331
What is 655 (base 8) in base 13?
270
Convert 5013 (base 8) to base 9.
3466
What is 284c (base 13) in base 6?
42522
31618 (base 10) to base 9
47331
-2100 (base 4) to base 16
-90
-5ab (base 14) to base 15
-506
Convert -32660 (base 10) to base 16.
-7f94
-ab (base 15) to base 11
-137
Convert 1583 (base 11) to base 6.
13215
What is 12 (base 7) in base 9?
10
Convert 38b4 (base 15) to base 8.
27476
Convert 11433 (base 5) to base 14.
460
Convert -299 (base 14) to base 4.
-20033
What is 1a174 (base 12) in base 9?
57417
What is -10122022 (base 3) in base 12?
-1652
What is -1010011010 (base 2) in base 13?
-3c3
Convert -c66c (base 15) to base 11.
-29579
18097 (base 10) to base 11
12662
What is -361 (base 10) in base 4?
-11221
What is -1326 (base 13) in base 12?
-1700
Convert 1cc (base 14) to base 2.
101111000
What is 10030 (base 5) in base 10?
640
What is -154ac (base 14) in base 8?
-147520
Convert -690 (base 14) to base 10.
-1302
1526 (base 9) to base 2
10010000110
-369 (base 10) to base 2
-101110001
14505 (base 9) to base 10
9887
102 (base 14) to base 2
11000110
30343 (base 5) to base 10
1973
3039 (base 16) to base 14
46db
Convert -10331231 (base 4) to base 8.
-47555
-23723 (base 11) to base 2
-1000010101100011
-216 (base 7) to base 5
-421
Convert 1001 (base 9) to base 14.
3a2
242 (base 8) to base 9
200
Convert 1230441 (base 5) to base 14.
89b1
Convert -b93 (base 12) to base 8.
-3237
141 (base 9) to base 15
7d
Convert 549 (base 14) to base 15.
49a
What is 101302 (base 5) in base 2?
110011111111
Convert 112041 (base 7) to base 4.
10313103
4ad (base 16) to base 13
711
Convert -37385 (base 12) to base 15.
-17292
Convert 42f (base 16) to base 2.
10000101111
What is -404 (base 14) in base 16?
-314
Convert -290 (base 11) to base 8.
-525
2212 (base 5) to base 6
1231
412 (base 7) to base 10
205
What is 110101121 (base 3) in base 9?
13347
Convert 1a2 (base 14) to base 9.
415
-1ea (base 15) to base 2
-110111101
Convert 212010100 (base 3) to base 13.
7899
What is -310001 (base 4) in base 8?
-6401
What is 103031101 (base 4) in base 8?
231521
Convert 3352 (base 14) to base 6.
105100
What is -250 (base 12) in base 13?
-20a
What is 213133 (base 4) in base 14?
cc7
Convert 1010000 (base 3) to base 12.
576
Convert -47451 (base 8) to base 15.
-6010
What is -2002010 (base 3) in base 2?
-10111101011
What is -429c (base 16) in base 5?
-1021202
What is -1b0a (base 15) in base 12?
-3484
Convert 481 (base 9) to base 12.
291
Convert -b64 (base 13) to base 7.
-5442
Convert 761 (base 12) to base 2.
10000111001
Convert -29135 (base 10) to base 2.
-111000111001111
Convert -32101 (base 4) to base 8.
-1621
What is 17264 (base 13) in base 10?
44360
-6577 (base 12) to base 7
-44410
-33145 (base 7) to base 12
-498a
-4721 (base 12) to base 10
-7945
Convert 11573 (base 10) to base 2.
10110100110101
2886 (base 10) to base 16
b46
6066 (base 9) to base 10
4434
Convert 4543 (base 6) to base 15.
4b6
Convert -3ab8 (base 16) to base 7.
-61553
-1010000111011110 (base 2) to base 11
-29151
4fd (base 16) to base 4
103331
What is -14325 (base 7) in base 4?
-331203
-2021201120 (base 3) to base 4
-22333011
What is 3420 (base 8) in base 14?
932
-44430 (base 5) to base 14
-11c7
Convert -441 (base 16) to base 4.
-101001
What is 6401 (base 7) in base 15?
a05
What is -6768 (base 9) in base 10?
-5003
Convert 40305 (base 7) to base 12.
5790
-240 (base 6) to base 9
-116
What is -507 (base 16) in base 5?
-20122
-5154 (base 7) to base 3
-2110210
Convert da57 (base 14) to base 2.
1001001101001101
-433 (base 9) to base 4
-11202
What is 2305 (base 13) in base 6?
34414
-13253 (base 7) to base 13
-1814
What is 13185 (base 10) in base 4?
3032001
What is 20211202 (base 3) in base 9?
6752
What is -3378 (base 10) in base 5?
-102003
What is 25773 (base 12) in base 7?
302202
Convert 13213 (base 4) to base 5.
3422
-b30 (base 16) to base 7
-11231
What is -13b5 (base 12) in base 15?
-a32
Convert 50130 (base 6) to base 5.
202114
What is -1390 (base 13) in base 16?
-b05
What is -44773 (base 9) in base 12?
-152a9
Convert 48 (base 10) to base 7.
66
What is -627 (base 16) in base 8?
-3047
311322 (base 4) to base 12
1bb6
-22011211 (base 3) to base 5
-142322
Convert -1222 (base 7) to base 2.
-111001001
Convert -2122 (base 5) to base 3.
-101122
Convert 8e9 (base 16) to base 6.
14321
Convert 3004 (base 5) to base 15.
1a4
Convert 41944 (base 10) to base 8.
121730
Convert 600 (base 10) to base 14.
30c
Convert -1010101100100011 (base 2) to base 12.
-2142b
-1643 (base 8) to base 16
-3a3
Convert -12231 (base 4) to base 7.
-1152
Convert 1618 (base 10) to base 12.
b2a
Convert 27352 (base 8) to base 13.
560b
Convert 87 (base 13) to base 14.
7d
Convert 120121 (base 3) to base 4.
12211
2206 (base 7) to base 5
11130
Convert -3024 (base 5) to base 4.
-12011
3aa (base 16) to base 7
2510
Convert 522 (base 7) to base 12.
199
Convert -2426 (base 8) to base 15.
-5bc
What is 767 (base 11) in base 8?
1630
What is 2dc (base 15) in base 14?
34d
Convert -47ac (base 13) to base 8.
-23601
-100002 (base 3) to base 6
-1045
1340 (base 5) to base 3
22011
-1624 (base 7) to base 13
-3b5
What is -4054 (base 8) in base 12?
-1264
What is -3c12 (base 14) in base 13?
-4a95
-13031 (base 4) to base 8
-715
-331443 (base 5) to base 10
-11498
112312 (base 5) to base 12
2442
12211 (base 4) to base 14
221
247 (base 13) to base 12
291
-134278 (base 9) to base 10
-81881
-11020121 (base 3) to base 16
-c16
2256 (base 7) to base 10
825
Convert 7b8 (base 16) to base 14.
a12
What is -7420 (base 12) in base 2?
-11000110011000
Convert 3114 (base 6) to base 2.
1010110110
Convert -7127 (base 10) to base 7.
-26531
-330 (base 7) to base 5
-1133
What is -871 (base 12) in base 9?
-1624
Convert 12acb (base 15) to base 5.
3403231
What is -4da (base 15) in base 5?
-13410
Convert 2104 (base 5) to base 8.
427
101120012 (base 3) to base 15
2435
Convert 2450 (base 6) to base 3.
211110
Convert -6427 (base 8) to base 9.
-4533
What is 2037 (base 11) in base 15?
c02
What is -33021 (base 4) in base 6?
-4253
-71 (base 13) to base 5
-332
4040 (base 10) to base 9
5478
11102 (base 3) to base 13
92
Convert -2674 (base 9) to base 11.
-1569
What is 7320 (base 10) in base 12?
42a0
-d2 (base 15) to base 14
-101
-206 (base 10) to base 15
-db
Convert -370 (base 8) to base 11.
-206
What is 409 (base 13) in base 4?
22231
25500 (base 6) to base 4
330030
Convert -265 (base 13) to base 4.
-12211
a413 (base 14) to base 9
42658
Convert -12221112 (base 3) to base 10.
-4334
-61836 (base 9) to base 12
-1b720
Convert -4300 (base 12) to base 15.
-2299
22145 (base 8) to base 7